. Calculate the greatest common factor of f and 176.
16
Let a = -1 - -26. What is the greatest common factor of 10 and a?
5
Let q(g) = 16*g**2 - 3*g + 2. Let u be q(2). Let n = 6 - -18. What is the greatest common divisor of n and u?
12
Suppose 0 = 2*v + 3*d - 15, 3*v - 10 = -0*v - 2*d. Suppose 4*k - k - 12 = v. What is the greatest common divisor of 44 and k?
4
Suppose 0*s - 27 = -s. Suppose -153 = -4*u + s. Calculate the greatest common divisor of u and 18.
9
Let v(a) = -a**3 + a**2 + a + 1. Let q be v(0). Let k = -99 + 107. Calculate the greatest common factor of q and k.
1
Let o(w) = -2 + 2*w - 15*w - 3 + 4. Let j be o(-1). Let x(u) = u**2 - 6*u + 6. Let c be x(6). What is the highest common factor of j and c?
6
Suppose -14*j + 16 = -10*j. Suppose 3*h - 2*c - 2 = -h, h - 2 = -c. Let u = h + 3. What is the greatest common factor of u and j?
4
Let a be 1*-20*8*4/(-40). Calculate the highest common divisor of 8 and a.
8
Let i be (12 - 0) + -1 - 2. Suppose 4*m - 2 = 10. What is the greatest common factor of i and m?
3
Let q be (-166)/(-18) + (-86)/(-18) + -5. Calculate the highest common divisor of q and 3.
3
Let r be (-95)/(-2) - 3/(-6). Let s be (-1*(242 - 0))/(-2) + -1. What is the highest common divisor of s and r?
24
Let m = 220 + -68. Suppose 2*d = -5*a + 2*a - 7, 15 = -3*a. Suppose 4*k = -d*p + m, -2*k + 5*k + 4*p - 110 = 0. Calculate the greatest common factor of 6 and k.
6
Let p(s) = s - 8. Let l be p(8). Suppose l = 3*g - g - 8. Calculate the greatest common divisor of 6 and g.
2
Let x = 109 + 110. Let o = x + -119. Calculate the greatest common divisor of 10 and o.
10
Suppose 68 = -2*f + 6*f + 4*g, -f - 2*g + 20 = 0. Let d(y) = 4*y - 1 + 7*y - 1 - 19*y. Let x be d(-2). What is the greatest common factor of x and f?
14
Let d be 2/(-7) - 152/7. Let z = d + 46. What is the highest common divisor of z and 60?
12
Suppose 7*l = -3*d + 4*l + 117, 3*l - 37 = -d. Suppose 0 = -p - 3*p + d. Let g be (-122)/(-6) - (-2)/(-6). What is the greatest common divisor of g and p?
10
Let o(x) = -3*x - 3*x**2 + x**2 + 3*x**2 - 3. Let b be o(4). Suppose -2*m - 1 = -3*u - m, -9 = -3*u - 3*m. What is the greatest common factor of b and u?
1
Suppose 395 + 184 = 3*v. Let p = v - 39. What is the greatest common divisor of 14 and p?
14
Suppose -5*g - 2*n = -475, -239 = -2*g + 5*n - 78. What is the highest common factor of 31 and g?
31
Suppose -4*h - 2*p - 14 = -598, 272 = 2*h - 4*p. Suppose -4*b - 26 = -x, -2*x - 4*b + 64 = 2*x. What is the greatest common factor of h and x?
18
Suppose 5*h + 28 + 12 = 0. Let w be (-48)/(-9)*(-30)/h. Suppose -5*a + 200 = -a. Calculate the greatest common factor of w and a.
10
Suppose -3*n - 29 + 194 = 0. Let t be ((-6)/4)/(15/(-20)). Suppose 5*h - 44 = -t*p, -4*p - p + 110 = 2*h. What is the highest common divisor of p and n?
11
Suppose -23 = -3*c + 22. Let k be (-446)/(-10) + (-6)/(-15). Calculate the greatest common divisor of c and k.
15
Let l(x) = x**2 - 2*x - 2. Let c be l(6). Let t = 4 - 2. Calculate the highest common divisor of t and c.
2
Let w be 81*3/(-6)*-2. Calculate the greatest common divisor of 27 and w.
27
Suppose 0 = -3*q - 4 + 19. Let d(a) = a**3 - 5*a**2 + 2*a - 5. Let g be d(q). Suppose c = 2 - 0. What is the greatest common divisor of c and g?
1
Suppose -3*c - c = -24. Let n be 3*2/4*c. What is the highest common divisor of n and 81?
9
Let q = 232 - 115. What is the greatest common divisor of q and 13?
13
Let u(p) = -p**2 - 9*p - 14. Let n be u(-6). What is the greatest common divisor of n and 32?
4
Let h(g) = -g**2 + 6*g + 5. Let y be h(6). Suppose 4*d - 3*d + 2*s - 30 = 0, 132 = y*d + s. What is the greatest common divisor of d and 65?
13
Let d(r) = -r - 4. Let u be d(-10). Calculate the highest common divisor of 54 and u.
6
Let t(d) = -d**2 + 4*d + 2. Let z be t(4). Let c be z/6 - 17/(-3). What is the greatest common factor of 3 and c?
3
Let k(i) = i**3 - 10*i**2 + 6*i + 5. Let f(z) = z**2 + 1. Let j(v) = -f(v) - k(v). Let u be j(7). What is the greatest common divisor of u and 20?
10
Suppose 3*r + y - 181 = 0, -r + 71 = -2*y + 13. Calculate the highest common factor of r and 40.
20
Suppose 0*o = 5*o. Suppose o = 4*z - z. Suppose 2*v + 3*u + 1 = 0, 5*u + 0*u + 15 = z. Calculate the highest common factor of 44 and v.
4
Let v(p) = -p**2 + p + 110. Let r be 0/(-1)*(-4)/(-8). Let f be v(r). What is the highest common factor of 22 and f?
22
Suppose -4*o + 20 = m - 7, -4*o + 96 = 4*m. Let q(f) = f + 23. Let w be q(0). What is the greatest common divisor of w and m?
23
Let g = 77 - 45. Let n = 64 - g. What is the greatest common factor of 16 and n?
16
Suppose 0 = 4*z - 8*z + 8. Let c = 7 - z. Suppose -k = -c*k + 120. Calculate the highest common divisor of 10 and k.
10
Let y be (-3)/9*-3*0. Suppose d = -y*d + 14. Let g(m) = 2*m**2 - 3*m + 5. Let c be g(-5). What is the highest common divisor of d and c?
14
Suppose -4*q + q = -12. Suppose -48 = -q*d + 2*d. Suppose 2*v - 31 - 1 = 0. Calculate the greatest common factor of d and v.
8
Suppose 3*h + n - 197 = 6*n, -3*h - 4*n + 242 = 0. Let m = h + -53. What is the highest common divisor of 42 and m?
21
Let s(o) = -o**2 - 9*o + 5. Suppose 4*g + 29 = -4*r + r, 5*r + g = -37. Let k be s(r). Calculate the highest common factor of 209 and k.
19
Let p be (-9)/((-5)/(80/12)). Calculate the highest common divisor of 54 and p.
6
Let m = 125 + -121. Calculate the highest common factor of 4 and m.
4
Let t be (86/20 + (-5)/(-25))*4. What is the highest common divisor of t and 18?
18
Let d = 31 - 3. What is the greatest common divisor of 42 and d?
14
Suppose -3*m + c = 0, -5*c + 0 = -5*m + 10. Let n be 1 - 1 - (1 + m). Suppose n = -2*g + 6 + 38. What is the greatest common divisor of g and 55?
11
Let b be (-1)/2 + 77/2. Let r be 92/6*(-1845)/(-30). Suppose 278 - r = -7*m. What is the highest common factor of b and m?
19
Let j = -3 + 2. Let v be (-3 - -1)/(2 + j). Let b be (18/8)/(v/(-8)). Calculate the highest common factor of 9 and b.
9
Suppose -5*h + j = -470, 0 = 3*h + j - 11 - 279. Let a = -25 + h. Suppose -i = 4*i - a. Calculate the highest common divisor of i and 126.
14
Let t be (18/8)/(2/(-104)). Let l = t - -234. Let b(i) = i**3 + 6*i**2 - 10*i - 8. Let o be b(-7). Calculate the greatest common factor of l and o.
13
Suppose -3*d + 5*d = -2. Let y be 0/(-4)*d + 11. Calculate the highest common divisor of 77 and y.
11
Let o be 2*4 - (-10 - -8). What is the greatest common divisor of o and 4?
2
Suppose -3*q = q - 5*m - 52, 2*q - 26 = -m. Suppose 4*f - 3 = q. What is the greatest common factor of f and 44?
4
Let b = -1 + 4. Suppose -2*n = b*n + 20, 3*n + 20 = c. Let l = 48 + -8. What is the highest common factor of c and l?
8
Let s = -26 + 50. Let k = -74 - -90. What is the greatest common factor of s and k?
8
Suppose -2*a + 18 = -3*b, -3*a = b - 2*b - 6. Let f(d) = -2*d. Let r be f(b). Suppose i = -i + r. Calculate the highest common factor of 3 and i.
3
Suppose -t - 9 = -2*t. Let s(f) = f**2 + f. Let l be s(0). Suppose 36 = h - l*h. Calculate the greatest common divisor of t and h.
9
Suppose 0 - 16 = 4*c. Let g be (c - -1)/((-6)/10). What is the greatest common divisor of 45 and g?
5
Suppose 16 = -0*x + 4*x. Suppose 2*j + 2*j = x*a - 48, 4*a + 2*j = 42. Calculate the highest common factor of 11 and a.
11
Let v be 58/(-1)*2/4. Let p(h) = h**2 - 11*h - 7. Let o be p(11). Let m = o - v. Calculate the greatest common factor of 55 and m.
11
Suppose -x + 82 = 3*j, 0*x = x - 4*j - 89. Calculate the highest common divisor of x and 17.
17
Let k(y) = y**2 + 2*y - 1. Let u be k(-3). Suppose 3*x - 12 = 4*i, -7*x + 4*x + u*i = -12. Calculate the highest common divisor of x and 36.
4
Let z(m) = m**2 - 5*m - 12. Let r be z(7). What is the greatest common factor of 4 and r?
2
Let i(h) = -54*h + 3. Let y be i(2). Let n = 30 - y. Calculate the highest common factor of 15 and n.
15
Let q be -32*(-36)/(-6)*2/(-3). Calculate the highest common divisor of q and 4.
4
Let l = 25 + -20. What is the highest common divisor of l and 35?
5
Suppose 5 + 7 = 4*i. Let o be 9/(0 - i/(-10)). Let p(w) = -19*w - 20. Let a be p(-5). Calculate the highest common factor of o and a.
15
Suppose -3*q - 1 + 4 = 0. Let g(j) = -j + 0*j**2 + 2*j**2 + 0*j**2. Let h be g(q). What is the highest common divisor of h a